ctors of s.
2, 3, 31
Let h = -405 + 1264. What are the prime factors of h?
859
Let g be -5*4/(-12)*18. Let c be (-1)/(-3) - 62/6. Let w = g + c. What are the prime factors of w?
2, 5
Let p(d) = -3*d - 15. Let q be p(-6). Suppose -4*c + 10 = -5*v + q*v, -c = 4*v - 7. Suppose -5*h + 82 = -c*h. List the prime factors of h.
41
Let p be 6 - 3 - -6*3/(-6). Suppose -3*y - 181 = -5*y + 3*k, p = -2*y + 5*k + 171. What are the prime factors of y?
2, 7
Suppose 15 - 11 = -2*i, -2*i = 4*k - 1576. What are the prime factors of k?
5, 79
Suppose 6 = 2*c + t, -2*c + 13 = 3*c + 3*t. Let o be (72/60)/(2/c). Suppose o*u - 8*u + 370 = i, 4*u = -3*i + 296. List the prime factors of u.
2, 37
Suppose 0 = -5*p - 3*l + 2817, 0 = -4*p + 7*l - 4*l + 2232. What are the prime factors of p?
3, 11, 17
Let f = -31 + 65. Let y = f - 27. What are the prime factors of y?
7
Let c(j) = -j + 37 - 24 + 2*j. What are the prime factors of c(-6)?
7
Let f be -4*(-3 + (-19 - 3)). Let r = f + -39. List the prime factors of r.
61
What are the prime factors of ((-3)/2)/((-3)/682*1)?
11, 31
Let q = 3997 - 2212. List the prime factors of q.
3, 5, 7, 17
Suppose 22*o - 21*o - 5*t = 375, -1073 = -3*o + 2*t. List the prime factors of o.
5, 71
Suppose 1360*x - 1355*x - 6685 = 0. What are the prime factors of x?
7, 191
What are the prime factors of 363/2 + -2 - 66/44?
2, 89
Let q(c) = -28*c + 82. List the prime factors of q(-3).
2, 83
Let g = 428 + 171. List the prime factors of g.
599
Let t(j) = j**2 + 5*j - 9 + 0*j**2 + 3*j. Let l be t(-9). Suppose -r + l*i - 5*i + 53 = 0, 2*r - 2*i = 46. List the prime factors of r.
2, 7
Suppose -3*j - o = -2617, 5*j + 5*o - 4361 = 3*o. What are the prime factors of j?
3, 97
Let g = -9 + 4. List the prime factors of (-3)/5 + (-98)/g.
19
Let d(p) = p**2 - 5*p - 6. Let y be d(5). What are the prime factors of (-16)/96 + (-235)/y?
3, 13
Let z = 566 + -464. What are the prime factors of z?
2, 3, 17
Let g = 38 - 35. Suppose -w + g*k + 84 = 0, -k + 196 = -2*w + 4*w. List the prime factors of w.
2, 3
Let a = 54 + -54. Suppose -5 = 5*h, -3*t + 2*h + 270 + 122 = a. What are the prime factors of t?
2, 5, 13
Let w be 70/15*(-18)/(-7). Suppose -5*q + 2*t - 20 = 0, -w = -5*q + q - 4*t. What are the prime factors of q + (102/2 - 1)?
2, 3
Let h = 263 + 84. List the prime factors of h.
347
Let w be (1 + -4)*(-4)/6. Suppose -2*o - 2*o + 188 = 4*c, -w*c + 2*o = -94. List the prime factors of c.
47
Let w be (-4 - 97)/(1/(-3)). Suppose 33 = 4*d - w. List the prime factors of d.
2, 3, 7
Let p be (-4)/48*-4*9. Suppose -510 = -3*f - p*f. What are the prime factors of f?
5, 17
Let s(j) = -68*j - j**2 + 17*j - 59 + 21*j. List the prime factors of s(-18).
157
Let n(z) = -11*z + 274. What are the prime factors of n(-19)?
3, 7, 23
Let p be 12/3 - -1 - 3. Suppose 0 = p*y - 254 - 300. What are the prime factors of y?
277
Let s = -53 - -46. What are the prime factors of 11/(-2)*(s - (36 - 7))?
2, 3, 11
Suppose -214*g - 192 = -215*g. Suppose -2*j - g = -2*c + j, -2*c - 2*j = -182. What are the prime factors of c?
3, 31
Suppose -84*s = -91*s + 4200. List the prime factors of s.
2, 3, 5
Suppose 4*y - 3*y = 5. Let g(k) = -4*k**2 + 0*k**2 + 4 + k**3 + 5*k - 2*k**2. List the prime factors of g(y).
2
Let u(j) = 21*j - 76. Let r(t) = 31*t - 114. Let g(c) = -5*r(c) + 7*u(c). List the prime factors of g(-12).
2, 67
Let w be (-2)/(-6)*(29 + 1). Let t be (-3)/5 - w/25. List the prime factors of -3 + 63 + (3 - t).
2
Suppose -10*s - 5274 = -12*s. List the prime factors of s.
3, 293
Let i(z) = 2*z + 3*z + 38*z**2 - 2*z - 4 - 37*z**2. Let r be i(-4). Let x(c) = c**3 + c + 2. List the prime factors of x(r).
2
Suppose -r = -2, -376 = -q - 2*r + r. List the prime factors of q.
2, 11, 17
Let l(x) = -2*x + 27. Let v be l(-11). List the prime factors of 252/v - (-2)/(-14).
5
Let o = 1125 - 1817. Let q = o - -1261. Suppose 8*w + 33 = q. What are the prime factors of w?
67
Suppose 5*l + 2 = 7. Let m(v) = 2*v**2 + v - 1. Let y be m(l). Suppose y*n + 3*q = -0*n, n - 11 = 4*q. List the prime factors of n.
3
Let z = -298 + 496. Suppose -4*f = -15*f + z. List the prime factors of f.
2, 3
Let i be 10 + (-2 - (8 - 5)). Suppose -243 = i*q - 2*f - 1153, -2*q + 5*f = -364. What are the prime factors of q?
2, 7, 13
Let x(r) = -263*r**2 + 3*r - 2. Let v be x(1). List the prime factors of v/(-6) - (-20)/(-30).
43
Let a be 74092/52 + 4/26. List the prime factors of a/20 + 4/(-16).
71
Let v(u) = u**2 + u - 3. Suppose -j = -5*r - 31, 3*r + 39 = -2*j + 10. What are the prime factors of v(r)?
3, 13
Let x = 139 - -236. Suppose -x = 12*y - 15*y. List the prime factors of y.
5
Suppose -4*w + 10*t - 6*t + 1108 = 0, -3*w + 855 = 3*t. List the prime factors of w.
281
What are the prime factors of 1366/(-1 + 20/(-5) - -6)?
2, 683
Let x(i) = 5*i + 43. Let h be x(-10). List the prime factors of ((-266)/1)/(-9 - h).
7, 19
List the prime factors of -1*((-5816)/(-1 + 5))/2.
727
Suppose 4776 = 20*u - 6124. List the prime factors of u.
5, 109
Let z(r) = 24*r**2 - 3*r + 2. What are the prime factors of z(-5)?
617
Suppose 899 = 2*a + w, -54*a - w = -57*a + 1336. List the prime factors of a.
3, 149
List the prime factors of ((-9090)/25)/((-2)/5).
3, 101
Let c = 4 - 20. Let o = c - -16. Suppose 4*p + 4*f - 76 = o, p - 5*f + 3 + 2 = 0. List the prime factors of p.
3, 5
Suppose 0 = -q - 0*q + 306. Suppose -2*k = 5*v - q, -61 = -4*v + 4*k + 195. What are the prime factors of v?
2, 31
Let r be (-1)/(1/(-2) - 0). Suppose -24 = r*j + 4*y, 3*j + 4*y - y = -27. Let g = 0 - j. What are the prime factors of g?
2, 3
What are the prime factors of (-388)/970*(-8485 - 0)?
2, 1697
What are the prime factors of (1303 + (-6 - -6))*1?
1303
Let w = 455 - -733. List the prime factors of w.
2, 3, 11
Let z(p) be the first derivative of 2*p**3/3 - 2*p**2 + 12*p - 5. List the prime factors of z(-5).
2, 41
Let x(i) be the third derivative of i**5/60 + 23*i**3/6 - 7*i**2 - 3. What are the prime factors of x(-14)?
3, 73
Suppose -4*y + 2*a + 25 + 119 = 0, y - 36 = 2*a. Suppose 0*i = -3*i + y. Suppose -8 - i = -5*p. List the prime factors of p.
2
Let i be ((-114)/(-8) - (-4)/(-16)) + -2. Suppose 5*q - i = -k + 96, 408 = 4*k - 4*q. List the prime factors of k.
103
Let u(l) = 69*l - 93. What are the prime factors of u(5)?
2, 3, 7
Suppose -99 = 3*k - 4*k. Let g = k - 35. What are the prime factors of g?
2
Let m be (5/((-75)/(-18)))/(1/130). Let d = m - 111. What are the prime factors of d?
3, 5
List the prime factors of (-16938)/(-36) - (-2 - (-3)/2).
3, 157
Suppose 0 = -2*l - 128 + 850. Let w = l + -221. List the prime factors of w.
2, 5, 7
Suppose 3*h - 8*h = 15, h = -3*q + 165. Suppose 2*c - 185 = -3*a, -3*c = -a + 2 + q. What are the prime factors of a?
61
Suppose -h + 5193 = -5*z, -z + 5*h - 142 - 911 = 0. List the prime factors of ((-46)/69)/(4/z).
173
Let s be 10/(-45) - (-4)/18. Suppose 4*l + 0*l = 4*p - 132, 3*p - 4*l = 103. Suppose -4*t - 3*j + 17 + p = 0, -2*t - 5*j + 16 = s. List the prime factors of t.
13
Suppose -21 - 6 = -m. Let d = m - 1. List the prime factors of d.
2, 13
Let s = 10 - -124. List the prime factors of s.
2, 67
Suppose 0 = -h + 2*r - 4, h + 3*r = 6 - 0. Suppose h = s - 5*s + 96. List the prime factors of s.
2, 3
Let t(k) = -849*k - 15. List the prime factors of t(-3).
2, 3, 211
List the prime factors of 21/2*38/(-57) + 2629.
2, 3, 19, 23
Suppose 0 = 2*b - 2, 0 = -2*l + 2*b + 551 + 1833. List the prime factors of l.
1193
Suppose -744*y = -741*y - 903. What are the prime factors of y?
7, 43
Suppose -37 = -3*g + 5. Suppose -g*y - 18 = -12*y. What are the prime factors of 250/6 - y/27?
2, 3, 7
Suppose -7*p + 1792 = -5*p. List the prime factors of p.
2, 7
Let n(q) = -q**2 - 59*q - 26. List the prime factors of n(-26).
2, 13
What are the prime factors of (-476)/6*729/(-54)?
3, 7, 17
Let f(b) = b**3 - 8*b**2 + 5*b - 11. Suppose -2*a - 16 = -4*a. What are the prime factors of f(a)?
29
Let z(h) = h**3 - 7*h**2 + 7*h - 2. Let r be z(6). Suppose 77 = -r*x + 481. List the prime factors of x.
101
Suppose d = -2*o - 62, o + 0*d + 41 = -3*d. Let v = 13 - o. List the prime factors of v.
2, 3, 7
Let p = -8 + 10. Let u(t) = -4*t + 3*t**2 + 69 + 4*t - t - t**3 - 4*t**p. List the prime factors of u(0).
3, 23
Let f = -496 + 933. List the prime factors of f.
19, 23
Let